3, 5, 7, 103
Let n = 9 - -1. Suppose 0 = n*m + 2*m - 792. List the prime factors of m.
2, 3, 11
Suppose -5*b + 5*h = -4170, -11*b + 16*b + 2*h - 4191 = 0. Let k = -108 + b. List the prime factors of k.
3
Suppose -3*z = 2*a, 3*a + 4 + 5 = 0. Let s be z/(4/9)*2. Suppose b = 16 + s. List the prime factors of b.
5
What are the prime factors of -20 - 6*1156/(-6)?
2, 71
List the prime factors of (-10)/5*4 + 6909 + -1.
2, 3, 5, 23
Suppose 3*a = -4*n + 2 + 18, 5*n - 10 = 0. Suppose w = a*z + 3, -3*w - w + 5*z = 10. What are the prime factors of -2 - w - 25/(-1)?
2, 7
Let o(z) = 27*z - 8. Let v be o(6). Let k(s) = -179*s + 33. Let a be k(-1). Let p = a - v. What are the prime factors of p?
2, 29
Suppose -16*i = -11*i + 15. What are the prime factors of (230/(-30))/(i/90)?
2, 5, 23
Suppose 4*p - 26 - 2 = 4*j, 16 = -2*p - 4*j. Suppose 0 = -5*g + 3*y + 3183, 0*g = 3*g - p*y - 1909. List the prime factors of g.
3, 71
Let s(m) be the second derivative of m**5/20 - m**4/12 - 6*m**2 - 2*m. Let y be s(0). What are the prime factors of (y/(-18) - (-4)/(-15))*230?
2, 23
Let o(p) = 32*p**3 + 6*p**2 + 22*p - 164. What are the prime factors of o(6)?
2, 887
Let n = -40899 - -97468. List the prime factors of n.
56569
List the prime factors of (-2282*1809/(-18))/3.
7, 67, 163
Let s(n) = 44*n**2 + 44*n + 1091. List the prime factors of s(-23).
3, 5, 173
Let b(r) = r**2 - 3 - 2*r + 3*r - 17. Let n be b(-5). What are the prime factors of 5/((-1)/(-5) - n)?
5
Suppose -10 = 2*i - 5*m, -5*m = i - 0*m - 25. What are the prime factors of -5 - (-7 - 190 - i)?
197
Suppose d + d = 2*f - 1686, 0 = -5*f - d + 4185. Suppose -i + f = 95. Suppose -4*s + i = 123. What are the prime factors of s?
5, 31
Let c(f) = 1 - 2 + 96*f + 0 - 32*f. Let h(k) = 2*k + 7. Let t be h(-3). List the prime factors of c(t).
3, 7
Let j be -5 + (-15)/5 + 3. Let t = j - -9. What are the prime factors of 5/(15/(-152) + t/32)?
2, 5, 19
Let p(i) be the first derivative of 46*i**3/3 - 3*i**2 - i - 212. List the prime factors of p(3).
5, 79
Let g = 9283 - 4110. List the prime factors of g.
7, 739
Let n(i) = 7*i - 28. Let z be 69*(6/5 + 5/(-25)). Let g = -52 + z. What are the prime factors of n(g)?
7, 13
Let x be (-12)/30 - (-11902)/5. Suppose 123 = 14*w - 227. What are the prime factors of 1/(-5) + x/w + 0?
5, 19
Suppose 0*p - p + 5*q = -804, 0 = -5*p - 4*q + 4020. Let j = 1343 - p. What are the prime factors of j?
7, 11
Let d(a) = -a - 3. Suppose 5*u - 35 = -15, 3*s = -u + 22. Let q be (1 + 5)*s/(-3). What are the prime factors of d(q)?
3
Suppose -19 = -4*t - 3. Let m(r) = 18 - 18*r + 8 - 20*r**2 - r**3 - 4*r - t. What are the prime factors of m(-19)?
79
Let z be (30/8)/(27/(-72)). What are the prime factors of (-104)/260 + (-6994)/z?
3, 233
List the prime factors of 12920/1938 - 141754/(-3).
2, 23629
Let a(l) = 548*l - 1833. List the prime factors of a(32).
41, 383
Let n(r) = -2*r**2 + 21*r + 28. Let x(a) = -a**2 + 10*a + 14. Let k(j) = -6*n(j) + 10*x(j). What are the prime factors of k(17)?
2, 3
List the prime factors of (-56)/98*-7819 - 1.
3, 1489
What are the prime factors of -53242*(207/(-54) - -4)/((-5)/15)?
7, 3803
Suppose 5*k + 7*s - 7706 = 0, 118*k - 3*s = 121*k - 4620. List the prime factors of k.
29, 53
Suppose 0*d - d = -2*d. List the prime factors of (1784/(-12) + d)*9/(-6).
223
Let u(g) = g**3 + 9*g**2 + 6*g - 16. Let d be u(-8). Suppose d = t - 3*f - 2*f - 81, f + 5 = 0. What are the prime factors of t?
2, 7
Let a(l) = -2*l**2 - 19*l + 12. Let w be a(-10). Suppose -w*u + 4*j = -1470, -2*u - u + 2161 = 5*j. List the prime factors of u.
727
Let v be ((-5592)/(-16))/((-2)/(-4)). Let i = v - 63. List the prime factors of i.
2, 3, 53
Suppose -2*w - 3*v - v = 2412, 5*w + 3*v + 6002 = 0. Let u = 1882 + w. List the prime factors of u.
2, 3, 19
Let m(p) = -24*p + 8. Let c(n) = -36*n + 12. Let h = -54 + 59. Let q(j) = h*c(j) - 8*m(j). What are the prime factors of q(2)?
2, 5
Let y(x) = -29*x - 6. Let z = 43 - 31. Suppose -3*w + 5*n - 20 = 3*n, -2*n + z = -w. What are the prime factors of y(w)?
2, 5, 11
Let i(w) = w**2 + 4*w - 4. Let t be i(-3). Let g be (-5 - t)/(3 + (-14)/6). Suppose 4 - 3 = -s, 3*r - 447 = g*s. What are the prime factors of r?
2, 37
Let q = 82 + -19. Let f = -67 + q. Let w = 46 + f. What are the prime factors of w?
2, 3, 7
Let l be ((-8)/12 - (-186)/9) + 1. Suppose 5*g - 2*g + u = -l, -g + 5*u = 23. List the prime factors of 215/4 + (-2)/g.
2, 3
Let z(h) = -45*h + 5. Let k(b) = b. Let o(s) = 4*k(s) + z(s). Let w be ((-10)/15)/((-2)/(-12)). List the prime factors of o(w).
13
Let f = 8635 - 3952. List the prime factors of f.
3, 7, 223
Suppose -5*t + 28 + 30 = 4*c, 5*t = c + 48. List the prime factors of (-60280)/(-50) - -2*2/t.
2, 3, 67
Suppose -2*d = 32*d + 3*d - 302475. What are the prime factors of d?
3, 5, 109
Let s be (-270)/10*(-1)/(-3). List the prime factors of 173 - s/((-27)/6).
3, 19
Let f = -46 + 26. Let p = 164 + f. What are the prime factors of p?
2, 3
Let o(g) = -g**3 - 14*g**2. Let m be o(-14). Let f = -176 + m. Let b = f - -312. List the prime factors of b.
2, 17
Let h = -742 + 768. Suppose h*x - 10791 = 7409. List the prime factors of x.
2, 5, 7
Let x be (3 + -243)/(-2)*1. Suppose -x = -z + 158. Suppose 154 = 4*v - z. What are the prime factors of v?
2, 3
Let y be 14/(-2)*(-5)/(-10)*-2. Suppose 0 = y*l - 10*l + 6. List the prime factors of (-161 + l)*2/(-6)*1.
53
Let f(r) = 3*r + 15. Let u be f(-4). Suppose -u = -2*o + 1. Suppose 5*q + 4*p - 536 = 0, -o*q + 107 + 105 = p. List the prime factors of q.
2, 13
Let c = 1148 - 1687. Let f = -319 - c. List the prime factors of f.
2, 5, 11
Let o be 27*(-52)/22 - (-6)/(-33). Suppose -c - 2*y = 19, -3*y = -5*c - 6*y - 95. Let a = c - o. What are the prime factors of a?
3, 5
Suppose -1330*u + 1285*u = -405225. List the prime factors of u.
5, 1801
Let j be (2 - (-1420)/15)*3. Let h be (-1 + j/15)*3. Let q = h - -8. What are the prime factors of q?
3, 7
Let x(v) = -v**3 - 16*v**2 + 17*v + 4. Let i be x(-17). Suppose -34 = i*n - 26. What are the prime factors of -2*(-5)/n*-5?
5
Suppose -153 = -9*g + 171. Let q = g - 32. Suppose -5*k - 80 = -5*u, 3*u - k = q*k + 48. What are the prime factors of u?
2
Suppose 0 + 15 = 3*w, -5*o + 22630 = -w. What are the prime factors of o?
3, 503
Suppose 209 = -3*n - 136. Let q = 303 + n. List the prime factors of q.
2, 47
Let l(a) = -5*a + 15. Let z be l(-9). Suppose 0 = -2*j - 124 - z. What are the prime factors of (1 - j/6)*3?
7
Let m(s) = -13*s**3 + 4*s**2 - 17*s + 641. Let k(o) = 8*o**3 - 3*o**2 + 11*o - 427. Let l(z) = -8*k(z) - 5*m(z). What are the prime factors of l(0)?
211
Let m be (-2 + 1)*2*(-2052)/8. Suppose 0 = 4*j + 4, 3*j = -4*p - m - 22. Let a = p - -205. List the prime factors of a.
2, 3
Let b = 589 - -235. Suppose -2974 - b = -3*x. List the prime factors of x.
2, 3, 211
Suppose 0 = -12*w + 218 - 62. Let k(y) = -2*y**3 + 20*y**2 + 9. Let j(v) = -v**2 + v. Let t(f) = 6*j(f) - k(f). List the prime factors of t(w).
3, 23
Suppose 5*d + 4*t = 4*d + 23, 3*t = 2*d - 101. Let u be (5/15*d)/((-1)/(-6)). Suppose 2*s + 2*s - 372 = -2*g, u = s - 3*g. List the prime factors of s.
2, 23
Let j(y) be the first derivative of -6*y + 22 - 2/3*y**3 + 2*y**2 + 5/4*y**4. What are the prime factors of j(2)?
2, 17
Let j(s) = s**3 + 62*s**2 - 62*s + 145. List the prime factors of j(-45).
2, 5, 467
Let c(p) = -p**3 - 8*p**2 - p - 2. Let y be (-7)/(28/(-18))*-2. Let f be c(y). Suppose 169 = 2*m - 3*k, -f = -m - 0*m - 2*k. What are the prime factors of m?
2, 43
Suppose 6*f + 4*y - 120 = 0, 2*f - 36 + 15 = 5*y. Suppose -f*z + 775 = -1727. List the prime factors of z.
139
Suppose 4*m - 2155 = 8661 + 3056. List the prime factors of m.
2, 3, 17
Suppose 0 = d - 0*d - j - 141, 0 = 4*j - 12. Let b(y) = y**3 - 7*y**2 - 2*y - 17. Let w be b(0). Let p = d + w. List the prime factors of p.
127
Let w be (-9)/6*1578/(-9). Suppose 0 = -4*r - z + 265, r = 5*r - z - w. Suppose 0 = -4*l + r + 134. What are the prime factors of l?
2, 5
Let r be (480/(-50))/(-1*1/10). Suppose -r + 302 = -2*y. What are the prime factors of (-1)/((-2)/(-6)) - y?
2, 5
Suppose -s + 39780 = -4*b, 5*b = s - 17807 - 21969. What are the prime factors of s?
2, 9949
Let v = 111773 - 62242. List the prime factors of v.
49531
Let z(w) = 469*w**2 + 255*w - 24